{"id":28319,"date":"2025-06-04T12:12:32","date_gmt":"2025-06-04T12:12:32","guid":{"rendered":"http:\/\/dearbysunny.com\/?post_type=product&#038;p=28319"},"modified":"2025-06-27T12:42:46","modified_gmt":"2025-06-27T12:42:46","slug":"bebilon-profutura-duobiotik-1","status":"publish","type":"product","link":"http:\/\/dearbysunny.com\/?product=bebilon-profutura-duobiotik-1","title":{"rendered":"BEBILON Profutura DuoBiotik 1"},"content":{"rendered":"<p>C\u00f4ng th\u1ee9c ti\u00ean ti\u1ebfn nh\u1ea5t khi kh\u00f4ng th\u1ec3 cho con b\u00fa ho\u00e0n to\u00e0n b\u1eb1ng s\u1eefa m\u1eb9.<\/p>\n<p>M\u1ed9t c\u00f4ng th\u1ee9c dinh d\u01b0\u1ee1ng \u0111\u1ea7y \u0111\u1ee7 \u0111\u00e1p \u1ee9ng m\u1ecdi nhu c\u1ea7u dinh d\u01b0\u1ee1ng c\u1ee7a tr\u1ebb s\u01a1 sinh ngay t\u1eeb khi m\u1edbi sinh<\/p>\n<p>Kh\u00f4ng ch\u1ee9a d\u1ea7u c\u1ecd. (1,2)<\/p>\n<p>Trong 50 n\u0103m, nh\u00f3m c\u00e1c nh\u00e0 khoa h\u1ecdc \u0111\u00e3 ti\u1ebfn h\u00e0nh nghi\u00ean c\u1ee9u chuy\u00ean s\u00e2u v\u1ec1 th\u00e0nh ph\u1ea7n c\u1ee7a s\u1eefa m\u1eb9 \u0111\u1ec3 hi\u1ec3u c\u00e1ch h\u1ed7 tr\u1ee3 t\u1ed1t nh\u1ea5t cho s\u1ef1 ph\u00e1t tri\u1ec3n ph\u00f9 h\u1ee3p c\u1ee7a tr\u1ebb. L\u1ea5y c\u1ea3m h\u1ee9ng t\u1eeb nh\u1eefng kh\u00e1m ph\u00e1 khoa h\u1ecdc c\u1ee7a h\u1ecd, h\u1ecd \u0111\u00e3 ph\u00e1t tri\u1ec3n c\u00f4ng th\u1ee9c DUOBIOTIK ti\u00ean ti\u1ebfn nh\u1ea5t khi kh\u00f4ng th\u1ec3 cho con b\u00fa ho\u00e0n to\u00e0n b\u1eb1ng s\u1eefa m\u1eb9.<\/p>\n<p>N\u1ebfu tr\u1ebb kh\u00f4ng \u0111\u01b0\u1ee3c b\u00fa m\u1eb9, Bebilon PROfutura DUOBIOTIK 1, gi\u1ed1ng nh\u01b0 c\u00e1c c\u00f4ng th\u1ee9c d\u00e0nh cho tr\u1ebb s\u01a1 sinh kh\u00e1c, c\u00f3 th\u1ec3 l\u00e0 th\u1ef1c ph\u1ea9m duy nh\u1ea5t \u0111\u00e1p \u1ee9ng m\u1ecdi nhu c\u1ea7u dinh d\u01b0\u1ee1ng, cho \u0111\u1ebfn khi tr\u1ebb \u0111\u01b0\u1ee3c cho \u0103n b\u1ed5 sung ph\u00f9 h\u1ee3p. C\u0169ng d\u00f9ng \u0111\u1ec3 b\u1ed5 sung (3)<\/p>\n<p>(1) Khi kh\u00f4ng cho con b\u00fa.<\/p>\n<p>(2) Gi\u1ed1ng nh\u01b0 t\u1ea5t c\u1ea3 c\u00e1c c\u00f4ng th\u1ee9c d\u00e0nh cho tr\u1ebb s\u01a1 sinh, theo quy \u0111\u1ecbnh c\u1ee7a ph\u00e1p lu\u1eadt.<\/p>\n<p>(3) Bebilon Profutura DUOBIOTIK 1 c\u0169ng ph\u00f9 h\u1ee3p \u0111\u1ec3 b\u1ed5 sung cho vi\u1ec7c cho con b\u00fa n\u1ebfu c\u1ea7n b\u1ed5 sung.<\/p>\n","protected":false},"excerpt":{"rendered":"<p>S\u1eefa c\u00f4ng th\u1ee9c Bebilon Profutura Duobiotik 1 &#8211; d\u00e0nh cho tr\u1ebb s\u01a1 sinh t\u1eeb 0-6 th\u00e1ng tu\u1ed5i<\/p>\n","protected":false},"featured_media":28374,"comment_status":"open","ping_status":"closed","template":"","meta":[],"product_brand":[73],"product_cat":[37,75],"product_tag":[74],"class_list":{"0":"post-28319","1":"product","2":"type-product","3":"status-publish","4":"has-post-thumbnail","6":"product_brand-bebilon","7":"product_cat-me-va-be","8":"product_cat-sua-cong-thuc-danh-cho-be","9":"product_tag-bebilon","11":"first","12":"instock","13":"shipping-taxable","14":"purchasable","15":"product-type-simple"},"_links":{"self":[{"href":"http:\/\/dearbysunny.com\/index.php?rest_route=\/wp\/v2\/product\/28319","targetHints":{"allow":["GET"]}}],"collection":[{"href":"http:\/\/dearbysunny.com\/index.php?rest_route=\/wp\/v2\/product"}],"about":[{"href":"http:\/\/dearbysunny.com\/index.php?rest_route=\/wp\/v2\/types\/product"}],"replies":[{"embeddable":true,"href":"http:\/\/dearbysunny.com\/index.php?rest_route=%2Fwp%2Fv2%2Fcomments&post=28319"}],"version-history":[{"count":3,"href":"http:\/\/dearbysunny.com\/index.php?rest_route=\/wp\/v2\/product\/28319\/revisions"}],"predecessor-version":[{"id":28381,"href":"http:\/\/dearbysunny.com\/index.php?rest_route=\/wp\/v2\/product\/28319\/revisions\/28381"}],"wp:featuredmedia":[{"embeddable":true,"href":"http:\/\/dearbysunny.com\/index.php?rest_route=\/wp\/v2\/media\/28374"}],"wp:attachment":[{"href":"http:\/\/dearbysunny.com\/index.php?rest_route=%2Fwp%2Fv2%2Fmedia&parent=28319"}],"wp:term":[{"taxonomy":"product_brand","embeddable":true,"href":"http:\/\/dearbysunny.com\/index.php?rest_route=%2Fwp%2Fv2%2Fproduct_brand&post=28319"},{"taxonomy":"product_cat","embeddable":true,"href":"http:\/\/dearbysunny.com\/index.php?rest_route=%2Fwp%2Fv2%2Fproduct_cat&post=28319"},{"taxonomy":"product_tag","embeddable":true,"href":"http:\/\/dearbysunny.com\/index.php?rest_route=%2Fwp%2Fv2%2Fproduct_tag&post=28319"}],"curies":[{"name":"wp","href":"https:\/\/api.w.org\/{rel}","templated":true}]}}